tiple of 9382?
True
Is 739 a factor of 189736033?
True
Is 3 a factor of 183516579?
True
Does 58 divide 8870822?
False
Is 39 a factor of 758192042?
False
Does 121 divide 68925382?
False
Is 359636921 a multiple of 10?
False
Is 419 a factor of 3603436?
False
Is 15 a factor of 90614655?
True
Is 6552 a factor of 186263399?
False
Does 8215 divide 1911314115?
False
Is 482226298 a multiple of 7?
False
Is 189 a factor of 14188986?
True
Does 29 divide 21280345?
True
Is 23118766 a multiple of 6?
False
Is 4061561 a multiple of 434?
False
Is 61 a factor of 124609397?
True
Is 242 a factor of 500788395?
False
Is 745 a factor of 264686580?
True
Does 8 divide 4602634?
False
Does 46 divide 7288175?
False
Is 667 a factor of 7544364297?
True
Is 3976112939 a multiple of 3236?
False
Is 32851855 a multiple of 61?
True
Is 167538499 a multiple of 8?
False
Does 17 divide 703820936?
False
Is 13 a factor of 140210248?
False
Is 253 a factor of 30643742?
False
Is 30889325 a multiple of 305?
False
Is 202 a factor of 205677814?
True
Is 28 a factor of 515545588?
False
Does 3120 divide 989152275?
False
Is 31927661 a multiple of 62?
False
Is 48 a factor of 6937152?
True
Is 6354184 a multiple of 8?
True
Is 2594 a factor of 185933537?
False
Is 240 a factor of 115663584?
False
Is 300176117 a multiple of 286?
False
Is 524 a factor of 2152591476?
True
Is 113499477 a multiple of 2919?
True
Is 185 a factor of 2815627348?
False
Is 388361840 a multiple of 328?
True
Does 121 divide 5014361?
True
Is 633 a factor of 5719214?
False
Does 458 divide 86994810?
True
Does 593 divide 9031720?
False
Is 3197 a factor of 2514112152?
False
Does 159 divide 27151953?
True
Is 280863960 a multiple of 1027?
True
Is 14 a factor of 1095334184?
True
Is 408823473 a multiple of 690?
False
Is 420644593 a multiple of 1266?
False
Does 13 divide 2021019312?
True
Is 25 a factor of 613996425?
True
Is 2249874 a multiple of 121?
True
Is 1884986705 a multiple of 4445?
True
Is 21064767 a multiple of 2?
False
Is 223560723 a multiple of 227?
True
Does 385 divide 5127075?
False
Is 1618729167 a multiple of 8?
False
Is 320709097 a multiple of 1942?
False
Does 1155 divide 300498680?
False
Does 863 divide 740570499?
False
Does 11 divide 3480223?
False
Is 7 a factor of 17222265?
False
Is 11945399 a multiple of 24?
False
Does 414 divide 52883273?
False
Does 37 divide 60150016?
False
Is 63453546 a multiple of 6?
True
Does 12 divide 1488432?
True
Is 870077329 a multiple of 39?
False
Is 394666627 a multiple of 251?
True
Does 2573 divide 1883199284?
True
Does 1252 divide 10793492?
True
Does 63 divide 2647260?
True
Does 35 divide 976430?
True
Is 26620006 a multiple of 39?
False
Is 5209 a factor of 281239119?
True
Does 31 divide 418259349?
False
Is 425 a factor of 31330598?
False
Does 19 divide 1353912013?
True
Does 54 divide 98562960?
True
Does 75 divide 102855225?
True
Is 648596510 a multiple of 106?
True
Does 5584 divide 1563408320?
True
Does 13 divide 5270824?
True
Does 28 divide 59792348?
True
Is 731805048 a multiple of 7527?
True
Is 202210776 a multiple of 36?
True
Is 681 a factor of 46220832?
True
Does 44 divide 42067987?
False
Is 48868992 a multiple of 3776?
True
Is 459 a factor of 1265632830?
True
Does 125 divide 716299250?
True
Is 241444710 a multiple of 366?
True
Is 587092086 a multiple of 211?
False
Does 39 divide 31200678?
False
Does 3623 divide 2131922709?
False
Does 38 divide 23736130?
True
Is 31 a factor of 40921705?
True
Does 94 divide 3594691976?
True
Does 782 divide 1030271231?
False
Does 99 divide 2849306?
False
Does 398 divide 2298111111?
False
Is 12 a factor of 54066415?
False
Is 17486200 a multiple of 205?
False
Is 33723621 a multiple of 223?
True
Is 15 a factor of 780836063?
False
Does 59 divide 44813835?
False
Is 5118478 a multiple of 2?
True
Does 675 divide 30565164?
False
Does 397 divide 65676461?
False
Is 47003103 a multiple of 2740?
False
Is 85756616 a multiple of 28?
False
Does 242 divide 139228408?
True
Is 216971527 a multiple of 45?
False
Is 218 a factor of 103369932?
True
Is 2039 a factor of 226256503?
False
Does 98 divide 742499940?
True
Is 42126040 a multiple of 836?
True
Does 325 divide 25691429?
False
Is 26 a factor of 8795696?
True
Does 1342 divide 4359766136?
True
Is 174 a factor of 184290774?
False
Does 232 divide 5107402?
False
Is 423223708 a multiple of 76?
True
Is 4 a factor of 430344654?
False
Is 419218128 a multiple of 954?
True
Is 53849143 a multiple of 3?
False
Is 180621238 a multiple of 3?
False
Does 2 divide 328734?
True
Does 146 divide 336859814?
True
Is 1718446628 a multiple of 12?
False
Does 29 divide 20212942?
True
Is 327 a factor of 33163032?
True
Is 35402872 a multiple of 1493?
False
Is 1006 a factor of 4152694?
False
Is 57 a factor of 46261371?
True
Is 191380512 a multiple of 32?
True
Is 336705713 a multiple of 22?
False
Does 41 divide 161672961?
False
Does 1888 divide 63302752?
True
Is 75737126 a multiple of 78?
False
Does 74 divide 1261182?
True
Is 11 a factor of 42840248?
True
Is 158327262 a multiple of 4297?
True
Does 29 divide 1880157?
True
Does 516 divide 476381004?
True
Does 226 divide 12864661?
False
Is 409615923 a multiple of 13?
False
Does 18 divide 40773078?
True
Does 121 divide 582512876?
True
Does 31 divide 146555600?
True
Does 3667 divide 3116844011?
False
Does 1074 divide 3358028544?
True
Is 2156991196 a multiple of 4180?
False
Is 72 a factor of 1773308?
False
Is 325 a factor of 256828000?
True
Is 28 a factor of 11888828?
True
Does 69 divide 39217806?
True
Does 30 divide 43015530?
True
Is 104 a factor of 3623903423?
False
Is 473665387 a multiple of 55?
False
Does 16 divide 7483056?
True
Does 67 divide 10775342?
True
Does 482 divide 38782684?
True
Is 581 a factor of 284788770?
True
Does 6777 divide 394132007?
False
Does 85 divide 889737?
False
Does 42 divide 2262084752?
False
Is 552 a factor of 56210160?
True
Is 804 a factor of 3216555564?
True
Is 122 a factor of 15506078?
True
Is 55226109 a multiple of 192?
False
Is 1725439756 a multiple of 382?
True
Does 202 divide 346317890?
True
Does 20 divide 5708740?
True
Is 813595335 a multiple of 2059?
False
Is 9 a factor of 54704307?
False
Does 2135 divide 361145336?
False
Is 68 a factor of 703868?
True
Is 6318663869 a multiple of 22?
False
Is 105607740 a multiple of 85?
True
Is 3178 a factor of 1836181662?
True
Does 47 divide 19252751?
True
Does 24 divide 47678904?
True
Is 198 a factor of 48329646?
False
Is 869846 a multiple of 46?
False
Is 58 a factor of 21456288?
True
Does 23 divide 1945244803?
True
Is 101955429 a multiple of 479?
False
Does 6637 divide 169290834?
False
Is 47 a factor of 23237232?
False
Is 34891584 a multiple of 2496?
True
Does 160 divide 405603680?
True
Is 5 a factor of 681275723?
False
Is 73645942 a multiple of 113?
True
Is 82 a factor of 309995998?
True
Does 12 divide 1237603092?
True
Is 22 a factor of 179052786?
True
Is 13 a factor of 55346476?
False
Is 603577133 a multiple of 905?
False
Is 654 a factor of 845221970?
False
Is 97785064 a multiple of 52?
True
Does 6584 divide 188141581?
False
Is 96 a factor of 36505152?
True
Is 173031365 a multiple of 19?
False
Does 9 divide 7632738?
True
Is 23375760 a multiple of 60?
True
Does 89 divide 86537524?
False
Is 408860535 a multiple of 77?
False
Does 18 divide 329148?
True
Does 65 divide 29265990?
True
Is 33821248 a multiple of 49?
False
Is 105884075 a multiple of 319?
True
Does 823 divide 257873336?
False
Is 38392862 a multiple of 4?
False
Does 204 divide 495536400?
True
Is 22 a factor of 4440095488?
False
Is 29 a factor of 106461668?
True
Does 13 divide 56434934?
False
Is 2006950338 a multiple of 2446?
True
Is 5304768 a multiple of 14?
True
Does 608 divide 17315834?
False
Does 19 divide 61636494?
True
Is 9419746 a multiple of 85?
False
Is 458230 even?
True
Is 46 a factor of 2366678012?
True
Is 1090429509 a multiple of 18?
False
Is 657 a factor of 11356902?
True
Is 26942708 a multiple of 16?
False
Is 2296 a factor of 315620437?
False
Is 5 a factor of 699687910?
True
Is 9063328 a multiple of 8?
True
Is 59800688 a multiple of 267?
False
Does 65 divide 329923824?
False
Is 17 a factor of 346214793?
False
Does 926 divide 92016620?
True
Is 18 a factor of 954633890?
False
Does 63 divide 25730608?
False
Does 18 divide 111213663?
False
Is 2014 a factor of 12750